et a(u) = 19*u**2 - 7 + 4 + 2. Determine a(1).
18
Let q(y) = y**3 - y**2 + 13. Let m = 15 - 50. Let j = -35 - m. What is q(j)?
13
Let v be (3 + -4)*(0 + 1). Let a(q) = 1 - q**2 + 2277983*q - 2277983*q. Determine a(v).
0
Let y(z) = -z**2 - 53*z - 8. Let f be y(-53). Let p(m) = -m**2 - 9*m - 3. Let n(i) = -3*i**2 - 27*i - 10. Let a(d) = -2*n(d) + 7*p(d). Determine a(f).
7
Let t(o) = -3*o. Let v(a) be the first derivative of -a**2/2 + 25. Let j(q) = 2*t(q) - 9*v(q). Determine j(2).
6
Let t(m) = m + 3*m + 3 - m - 2*m. Determine t(-2).
1
Let j(x) = 4*x + 3. Let v(l) = 16*l**3 - 4*l**2 + 5*l - 5. Let d be v(2). Let k be 481/d + 3/(-27). What is j(k)?
19
Let c(y) = -6*y**2 - 4 + y**3 + 3*y + 8 + 3*y. Let k(m) = m - 14. Let q be k(10). Let z = q + 9. Give c(z).
9
Let o = -11 + 17. Let h(y) = -7*y + 7. Suppose t - 9 = -0*d - d, 5*t = -4*d + 40. Let n(i) = -i. Let m(z) = d*n(z) - h(z). What is m(o)?
5
Let m(a) be the first derivative of -a**4/4 - 11*a**3/3 - 5*a**2 - 3*a + 1. Suppose 4*q + 23 + 9 = -2*d, 37 = -4*d + q. What is m(d)?
-3
Suppose -14*u + 5 = -9*u. Let m(c) = 0 - 6*c - 1 - 3*c. Determine m(u).
-10
Suppose 2*r = 10*r - 24. Let m(g) be the first derivative of 1/2*g**2 + g - r. Give m(-5).
-4
Suppose t + 4 = 85. Let s = 79 - t. Let k(a) = -a - 4. Give k(s).
-2
Let n(h) = -2*h - 7. Let g = 109 - 195. Let l = g + 81. Calculate n(l).
3
Let u(a) = 3*a + 5*a**2 + 2*a - a**3 - 6 + 0*a**3. Let y = -53 + 59. Determine u(y).
-12
Let p(l) = -l - 8. Let z be 6/(-9) - (-3)/(-9). Let w be -3*(z + (-8)/12). Suppose i = k + 5, 6*k + 25 = 4*k + w*i. Give p(k).
-8
Let r be -10*(-5)/(-10) - 2. Let d(b) = 7*b**3 + 19*b**2 + 2*b + 13. Let n(l) = -3*l**3 - 9*l**2 - l - 6. Let t(p) = 2*d(p) + 5*n(p). Calculate t(r).
3
Let f(t) = t**3 - 2*t**2 - 4*t + 6. Let m(p) = 2*p**3 - 6*p**2 + 5*p - 3. Let g be m(4). Suppose g*y - 54*y = -20. Determine f(y).
22
Let l(q) = -17*q**2 - 1. Suppose 2*b - 3*u + 19 = 6, -3*b = -4*u + 17. What is l(b)?
-18
Let v(f) be the second derivative of f**4/12 - 5*f**3/3 - 19*f**2/2 - 94*f. Calculate v(12).
5
Let b(z) be the first derivative of 5*z**2/2 + 12*z + 35. What is b(-4)?
-8
Let o(b) = 12*b + 15. Let c(d) = 44*d + 45. Let j(t) = -2*c(t) + 7*o(t). Calculate j(5).
-5
Let b(z) = z**3 - 2*z**2 + z - 1. Suppose -4*l - 48 = -28*l. Calculate b(l).
1
Let g(b) = b**3 + 5*b**2 + 3*b + 7. Let z be g(-4). Let m(s) = s**2 - z + 3*s - s + s + 5*s. What is m(-9)?
-2
Let d = 184 + -185. Let m(s) = 6*s**3 + 2*s**2 + 2*s + 1. Give m(d).
-5
Let t be 0/(2/2) + 2. Let d(q) = 3*q**3 - t*q**3 - q**3 - 5 + 7*q**2 + q**3. Suppose -7 = 3*c - 2*c. Give d(c).
-5
Let p(f) = 3*f**3 + 11*f**2 - 5*f + 7. Let m(s) = 5*s**3 + 21*s**2 - 9*s + 13. Let b(k) = 4*m(k) - 7*p(k). Suppose -7 = 2*h - 21. Calculate b(h).
-4
Let d(u) = -3*u**2 + 3*u - 7. Let i(k) = 2*k**2 - 3*k + 6. Let j(l) = -l**2 + 3*l + 6. Let f be j(5). Let c(y) = f*i(y) - 3*d(y). What is c(-4)?
1
Let x(z) be the first derivative of z**4/4 + 15. Let p(l) = -7*l**3 + 4*l**2 + l. Let h(n) = -p(n) - 6*x(n). Determine h(4).
-4
Let h(b) = -2*b**2 + 29*b + 1. Let y(c) = c - 1. Let x(t) = -h(t) + 6*y(t). Let u be x(12). Let a(z) = -2*z - 7. Determine a(u).
-17
Let f(b) = -b - 4. Suppose -9*o + 24 = -o. Suppose g = o*v + 6, -3*g + 4*v = 2*g - 30. Give f(g).
-10
Let c(o) be the first derivative of 9*o**4/4 - 3*o**2/2 + 2*o - 160. Calculate c(1).
8
Let v(m) = -m**2 - 7*m - 4. Let d be 0/(-2)*13/26. Suppose -2*r + 11 = 5*u, -2*r + d*r + u = 19. Calculate v(r).
-4
Let m(g) = -15*g**3 + 32*g**2 + 15*g + 14. Let l(f) = -2*f**3 + 5*f**2 + f + 1. Let i(v) = -7*l(v) + m(v). Give i(-5).
17
Suppose 4*r - 3*q - 2 = -1, -4*r - 17 = 3*q. Let l(t) = 3*t**2 - t - 4. Determine l(r).
10
Let v(p) = 16*p**3 - p. Suppose 4*c - 5*c = -16. Suppose 4*o = 4*h - 5*h + c, 1 = 4*h - 5*o. Suppose 3*q - h = -1. Calculate v(q).
15
Let a(r) = 4*r**3 + 3*r**2 - 4*r + 4. Let z(f) = 2*f**3 + f**2 - f + 1. Let q(h) = -a(h) + 4*z(h). Let i = 6 + -5. Give q(i).
5
Let l(t) = -t**3 + 5*t**2 - 5*t + 5. Suppose -5*z - 2*u = 155, -5*u + 29 = 4*z + 153. Let c = -27 - z. Calculate l(c).
1
Let d(i) = -38*i**2 - 15*i - 14. Let y(u) = 14*u**2 + 5*u + 5. Let l(o) = 3*d(o) + 8*y(o). What is l(-3)?
-5
Let m(q) = 2*q**2 - 15*q + 1. Let f be m(8). Let b(v) = f + 3*v - 9. Let h(p) = p**2 - 7*p + 10. Let u be h(4). Give b(u).
-6
Let f = 19 - 8. Let o = f - 10. Let i(j) = 3*j - 4*j - 2 + 2*j - o. Calculate i(-6).
-9
Let c(v) = -3*v**2 + 13*v - 8. Let q(f) = -7*f**2 + 29*f - 17. Let t(a) = -9*c(a) + 4*q(a). Let g(i) = -i + 1. Let h be g(4). Determine t(h).
-2
Suppose -2*i = -3*i + 4. Let n(z) = -14*z - 58. Let j(s) = -4*s - 17. Let g(v) = -17*j(v) + 5*n(v). Calculate g(i).
-9
Let c(y) = y**3 - 4*y**2 - 4*y - 2. Let r be c(5). Let o(w) be the first derivative of 4*w - 1/2*w**2 - 8. Determine o(r).
1
Let h(t) = t**2 - 4*t - 14. Let w be h(4). Let k = 11 + w. Let s(p) be the third derivative of -p**5/60 + p**3/2 - p**2. Calculate s(k).
-6
Let q(r) = -r**2 + 6*r - 3. Let a be q(5). Let s(u) = 5*u - 45 - 50 - 9*u + 95. What is s(a)?
-8
Let m(t) = -3*t + 9. Let o(i) = 3*i - 10. Let w(a) = -7*m(a) - 6*o(a). Let p(u) = u - 1. Let r(x) = -7*p(x) + 3*w(x). Give r(-3).
-8
Let p(o) = 0*o**2 - 9*o**2 + 2*o**2 + 1. Suppose -2*u + 0 = -5*v - 3, -v + 4 = -5*u. Calculate p(u).
-6
Let r be -8 + 13 - ((-2 - -4) + -1). Let b(q) be the third derivative of -q**5/60 + q**4/6 + q**3/3 + 10*q**2. Give b(r).
2
Suppose 3*b = g - 4*g, 3*g - 14 = 4*b. Let n be ((-3)/6 - 1)*b. Let s(c) = -c + 1. Let o(m) = -4*m + 4. Let l(k) = 2*o(k) - 6*s(k). What is l(n)?
-4
Let l(r) = -7*r + 4. Let k(w) = 8*w - 5. Let a(q) = 5*k(q) + 6*l(q). Let p = 8 - 7. Let f be 1 + -4 - (-3 - p). Give a(f).
-3
Let y(k) = -2*k - 12. Let b(x) = x**3 + 38*x**2 - 43*x - 163. Let r be b(-39). What is y(r)?
2
Let l = -729 - -733. Let r(z) = z**3 - 5*z**2 + 4*z + 1. Calculate r(l).
1
Let b(m) = m**2 - 8*m - 10. Suppose -70*n = -68*n - 14. What is b(n)?
-17
Suppose 0 = -5*c - 15, 2*r + 2*c = -0*r. Let z(u) = 5*u - 12. Let h be z(r). Let q(l) = -l. Give q(h).
-3
Let w(f) = -f + 1. Let z(l) = l - 1. Let v(p) = -4*w(p) - 5*z(p). Let c = -7 + 9. Suppose 2*s + 14 = c*d + 2*d, 3*s = -2*d + 11. Determine v(d).
-3
Let h(l) be the first derivative of 1/20*l**5 - 1 - 7/12*l**4 + 2/3*l**3 + 0*l**2 - 4*l. Let q(u) be the first derivative of h(u). What is q(6)?
-12
Let w(k) = 13*k + 153. Let p be w(-11). Let a(f) = 2*f - 14. Determine a(p).
6
Let n = -2 - -12. Suppose 4*o - 2*p = n, -2*p - 2 = 2*o + 2*o. Let d(c) be the first derivative of 3*c**2/2 + 2. Calculate d(o).
3
Let c(q) = -2*q**3. Let j be c(-1). Suppose -j*p + 0*p = 10. Let u(l) = -8*l - l**2 + 2*l + 0*l. Calculate u(p).
5
Suppose 0 = -5*h - 0*j + 4*j + 26, 0 = -5*h - 2*j + 32. Let q = 5 - h. Let i(s) = -1 - 11*s - 2*s + s. Determine i(q).
11
Suppose -u = -7*u + 144. Suppose 0 = -4*x + u - 0. Let o(l) = 3*l**3 + 9*l + l**3 + l**3 + x + 7*l**2 - 4*l**3. Give o(-6).
-12
Let i(c) be the first derivative of -2*c + 3 - 1/3*c**3 + 3*c**2. Give i(5).
3
Let u(w) = -w**2 - 7*w - 10. Let j be u(-12). Let v = j + 63. Let s(z) = -z**3 - 6*z**2 + 8*z + 5. What is s(v)?
-2
Let b(x) = 2. Let v(k) = -2*k + 17. Let l(s) = -3*b(s) + v(s). Give l(8).
-5
Let h(j) = 5*j + 1 + 2*j**2 + 6*j + 1 - 14*j. Let y(x) be the second derivative of -x**5/20 - 2*x**4/3 + 3*x**3/2 + x**2 + 2*x. Let i be y(-9). Give h(i).
4
Let b be 2 - ((-3 - -9) + 7). Let t(s) = -s**2 - 11*s + 11. Give t(b).
11
Let l(j) = -6*j**2 - 6*j**3 - 8 - 4*j**3 + 0*j**2 + 11*j**3 - 2*j**3. Give l(-6).
-8
Let b(k) = -k - 2. Let n = -112 + 115. Let z be ((42/(-9))/(n/9))/2. Determine b(z).
5
Let x(f) = f**2 - 26*f + 6. Let y be x(26). Let u(n) be the second derivative of -n**3/6 + n**2 + 18*n. What is u(y)?
-4
Let v(s) = 3*s**2 - 48*s + 85. Let r be v(14). Let a(x) = -25*x**3 + x**2 - 2*x + 1. Give a(r).
-25
Let k be 424/88 + 2/11. Suppose -t = 5*y + k, 2*t - 19 + 3 = 3*y. Let r be 40/(-4) + -1 + t. Let p(q) = -q**3 - 6*q**2 - 2*q + 3. Calculate p(r).
15
Let w = 1 - -10. Let o(h) = 756 + 753 + 2*h - 1519. What is o(w)?
12
Let v(b) = b + 1. Let w(o) = 2*o - 20. Let h(g) = 3*v(g) - w(g). Give h(-17).
6
Let r be (14 + -7 - 2)/(-1). Suppose 0*o - 3*o = -6. Let d(h) = 3*h + 7 - 1 - 7*h + 4*h**o + h**3. Calculate d(r).
1
Suppose 8 = f - 0. Let b(o) =